l*u + 8 = 11. Suppose 11 = 5*o + 1. What is the remainder when o is divided by u?
0
Let r(j) = 12*j**2 - 2*j. What is the remainder when -2*((-19)/2 + 0) is divided by r(1)?
9
What is the remainder when 37 is divided by ((-6)/(-18))/(2/60)?
7
Suppose -2*a + 3 = -a. Suppose 3*p - a = 6. Suppose 0 = -o + 4*r + 13, -o + p*r - 1 = -17. What is the remainder when o is divided by 14?
11
Let d(l) = -4*l + 14. Let s(t) = -3*t + 13. Let c(i) = -4*d(i) + 5*s(i). Calculate the remainder when 11 is divided by c(-5).
3
Suppose -75*h = -78*h + 15. Let g = -4 - -7. What is the remainder when h is divided by g?
2
Suppose 5*n = 2*u + 2, -3*u = -n + 5*n - 20. Calculate the remainder when 5 is divided by u.
1
Let j = 34 - 19. Let f(o) = -o. What is the remainder when j is divided by f(-8)?
7
Suppose -5*l + 2*l + 39 = 0. Suppose 0 = -6*i - 29 + 317. Calculate the remainder when i is divided by l.
9
Suppose -2*t + 3 = -q, 6*q + 30 = 4*q - 2*t. Let d = -7 - q. What is the remainder when 6 is divided by d?
2
Suppose 4*w + a - 13 = 0, -3*w + 2*a = -0 - 7. Let l = -1 + w. Suppose -l*t + 22 = 5*r, 5*t = -7*r + 2*r + 25. What is the remainder when 2 is divided by t?
0
Suppose -x = -2*x + 22. Let q = -9 + 7. Let c(r) = -r**3 - r**2 - 3*r - 2. Calculate the remainder when x is divided by c(q).
6
Let h(u) be the second derivative of -u**4/12 + 4*u**3/3 + 3*u**2/2 - u. What is the remainder when (-4)/(-10) - 3864/(-140) is divided by h(6)?
13
Let a = -28 - -40. Suppose 4*c = -3*r + 89, 3*r - 4*c + 2 - 51 = 0. What is the remainder when r is divided by a?
11
Suppose 2 = 2*m + 12. Let d = -3 - m. Suppose d*q - 2*x - 26 = -0*q, q = 2*x + 13. What is the remainder when 24 is divided by q?
11
Suppose 0 = 3*k - 0*k - 9. Suppose 5*w - 4*h - 36 = 0, 0*w + 2*h - 26 = -k*w. Calculate the remainder when 14 is divided by w.
6
Suppose 5*y - 55 = -2*g, -4*y = -5*g - 0*g - 11. Let n = 32 + -28. Suppose -n*j + 11 = -y. What is the remainder when 14 is divided by j?
4
Let a = 54 - 38. What is the remainder when 36 is divided by a?
4
Let f = 34 - 14. Suppose 10 = 3*p - 11. Calculate the remainder when f is divided by p.
6
Let n = 10 + -17. Let f(b) = -b**2 - 10*b - 7. Calculate the remainder when 40 is divided by f(n).
12
Calculate the remainder when (-24)/(-8) - (-1 + -43) is divided by 16.
15
Let f = -30 + 56. Calculate the remainder when 75 is divided by f.
23
Let i(m) = 17*m**2 - 9*m + 12. What is the remainder when i(3) is divided by 28?
26
Let a = -39 + 18. Calculate the remainder when (-2)/(18/a)*6 is divided by 5.
4
Suppose 4*s + 8 = -0. What is the remainder when 24 is divided by 54/4 + s/4?
11
Let p(w) = 4*w - 2. Let r be p(2). Let n(h) = 1 + h**2 - 5*h + 4 + r*h + 2. Calculate the remainder when n(-5) is divided by 14.
13
What is the remainder when 10/(-4)*380/(-50) is divided by (-3)/(3/(-4)) - -1?
4
Suppose -4*x + 203 + 53 = 0. What is the remainder when x is divided by 11?
9
Suppose 4*d - 46 + 14 = 0. Calculate the remainder when 47 is divided by d.
7
Let r(a) = -a**3 + 7*a**2 + 3*a - 7. Calculate the remainder when 67 is divided by r(7).
11
Let g(v) = -43*v**3 + v**2 + 3*v + 1. Calculate the remainder when g(-1) is divided by 15.
12
Let z(p) = 5*p - 4. Let i(a) = -a + 15. Let v be i(11). Calculate the remainder when z(v) is divided by 6.
4
Let r be 0 - (1 - 1) - -8. Calculate the remainder when 3 is divided by 3/4 - (-2)/r.
0
What is the remainder when -1 + (-7)/(21/(-18)) is divided by 4?
1
Suppose -p - u = -35, 0*p = -2*p + 4*u + 40. Calculate the remainder when p is divided by 16/((-6)/(-27) + (-32)/(-18)).
6
Let y = 72 - 17. Suppose -3*l + y = 2*l. Suppose -3*j + 75 = -3*c, 4*c = -5*j + 3*c + 101. Calculate the remainder when j is divided by l.
10
Let m = -5 - -8. What is the remainder when 6 is divided by m?
0
Let v = -18 - -43. What is the remainder when 97 is divided by v?
22
Suppose f + 12 = -2*f, 3*f + 27 = 3*z. Suppose z*r = 5*h - 110, -4*h - 2*r - 25 = -5*h. Calculate the remainder when h is divided by 11.
8
Let g be -1*1*56/8. Let w = -1 - g. What is the remainder when 15 is divided by w?
3
Suppose c - 29 + 6 = 0. What is the remainder when 63 is divided by c?
17
Let w = 24 - -19. Calculate the remainder when w is divided by 11.
10
What is the remainder when 33 is divided by (-88)/(-10) + -1 + (-12)/(-10)?
6
Let s = -10 + 27. What is the remainder when 49 is divided by s?
15
Calculate the remainder when 224/10 - (-12)/(-30) is divided by (2 - 1) + 9 - -2.
10
Let z(n) = -n + 3. Suppose -f = -2*t + 22, t = -1 + 6. Let j = 13 - f. What is the remainder when j is divided by z(-11)?
11
Let m be 8/2 + (-4)/4. Suppose -55 = -5*h + m*f, -2*h = -6*h + 5*f + 44. Calculate the remainder when h is divided by 4.
3
Suppose 45 = -3*k + 6*k. Suppose 0 = -3*u + 1 + 2. Calculate the remainder when (u - 2) + 3 + 27 is divided by k.
14
Let o(t) = 18*t**3 - t**2 - t + 1. Let i(g) = 23*g + 6. Let c be i(6). Suppose -c = -4*h + h. Calculate the remainder when h is divided by o(1).
14
Let p = -1 - -4. Suppose 4*f = 7*f - 24. Calculate the remainder when f is divided by p.
2
Let c = 11 - 3. Suppose 2*q - 12 + 4 = 0. Suppose -4*w + b + 95 = -0*b, w + q*b = 11. What is the remainder when w is divided by c?
7
Let c(o) be the second derivative of 7*o**4/12 + 7*o**3/6 + 5*o**2/2 + 6*o. Calculate the remainder when c(-4) is divided by 23.
20
Let m(j) = j. Let z be m(1). What is the remainder when 25 is divided by (0 - -8) + 1/z?
7
Let n = 41 - 21. Calculate the remainder when 77 is divided by n.
17
Suppose -4*v + 110 + 14 = 4*a, -191 = -5*a + 4*v. What is the remainder when 174 is divided by a?
34
Suppose 188 = 3*d + u, -4*u + 142 = -3*d + 5*d. What is the remainder when d is divided by 22?
17
Let j(i) = 6*i - 14*i + 9*i. What is the remainder when 2/(-5) + 114/10 is divided by j(3)?
2
Let z = -13 - -24. Calculate the remainder when 54 is divided by z.
10
Let q(r) = r**2 - 3*r - 9. Calculate the remainder when 17 is divided by q(6).
8
Let v(z) = 2*z + 2*z - 5*z + 4. What is the remainder when v(-11) is divided by 8?
7
Let h = 46 + -14. What is the remainder when 125 is divided by h?
29
Let f(r) = 9*r - 14*r + 7*r - 4. Let k(l) = -l**3 - 3*l**2 + 2*l - 2. Let p be k(-4). What is the remainder when f(p) is divided by 3?
2
Calculate the remainder when (-4)/(-10) + (-715)/(-25) is divided by 10.
9
Let v(m) = m**2 - 2*m - 1. Let r be v(-2). Suppose -r + 1 = o. Let a(h) = h**3 + 5*h**2 - 9*h - 6. What is the remainder when 35 is divided by a(o)?
11
Let b(o) = o**3 + 5*o**2 - 5*o + 6. Let a be b(-6). Suppose 0*k + k - 20 = a. What is the remainder when 37 is divided by k?
17
Suppose 45 - 8 = v. Calculate the remainder when v is divided by 20.
17
What is the remainder when 2 + (9 - 3) + 1 is divided by 5?
4
Suppose -3*k + 10 = 4. Suppose 0 = 3*p - k*p. Suppose l - 3*b - 85 = -3*l, 5*l - 3*b - 110 = p. Calculate the remainder when l is divided by 13.
12
Suppose 2*w + 144 = 5*w. Suppose -w = -2*p - 6. What is the remainder when 83 is divided by p?
20
Let m be (-141)/6*2*-1. Let b = -21 + m. Calculate the remainder when b is divided by 26/3 + 2/6.
8
Let d(h) = h**2 + 2*h + 4. Calculate the remainder when ((-102)/15)/(2/(-10)) is divided by d(-4).
10
Suppose 4*n - 3*n - 3 = 0. Suppose 3*d - 9 = n. Calculate the remainder when 14 is divided by d.
2
Let q be (4/(-6))/(3/(-45)). Suppose -q = -3*w + 59. Calculate the remainder when 66 is divided by w.
20
Suppose -2*l + 4*i + 271 = 3*i, 0 = -5*l + i + 673. Calculate the remainder when l is divided by 15.
14
Suppose 5*x + z = -73 + 31, 0 = 3*x - 4*z + 16. Calculate the remainder when 69/6 + 12/x is divided by 3.
1
What is the remainder when 32 is divided by 11 - 2 - (3 + -4)?
2
Let m(j) = -13*j + 24. Suppose -r = 2*v + v - 37, 42 = 4*v + 5*r. What is the remainder when m(0) is divided by v?
11
Suppose 2*a = -3*a + 25. Suppose 3*x + 225 + a = 5*g, 4*g = 5*x + 197. Let u = g + 3. Calculate the remainder when u is divided by 12.
10
Let c be ((-10)/4)/((-6)/12). Let v(n) = 2*n**2 - n - 12. Calculate the remainder when v(c) is divided by 18.
15
Suppose 0 = -2*l + 5 + 3. Suppose -3*y + y - 6 = 0, 5*o + 3*y - 21 = 0. Let a = o - l. What is the remainder when 4 is divided by a?
0
Suppose -3*x - 32 = -4*o, -2*x + 4 + 4 = 0. What is the remainder when 85 is divided by